 the greatest common factor of u and 21?
21
Let v(o) = 5*o - 7. Let k be v(7). Suppose -9*m = -5*m - k. Let d = 21 - m. Calculate the highest common factor of 2 and d.
2
Let f = 9 + -1. Let j(k) = k**3 - k**2 - 26*k - 24. Let p be j(7). What is the greatest common factor of f and p?
8
Suppose 0*j + 3*j - 27 = t, 4*t - 12 = 0. Calculate the highest common factor of j and 90.
10
Let o = -165 - -427. Suppose -3*z - 43 = 2*j - 229, -o = -4*z + 2*j. What is the greatest common factor of 16 and z?
16
Let i = 1727 + -1724. What is the greatest common factor of 44 and i?
1
Let o(j) = -j**2 - 2*j + 273. Let q be o(-17). Let s = 3 - 5. Let n be (-2)/s + -1 + 2. What is the highest common factor of n and q?
2
Let d = -69 - -36. Let a = d - -23. Let j be a/9*-3*9. What is the greatest common divisor of j and 75?
15
Suppose -5*j + 5*v = -115, -3*j - 2*v + 40 = -4. Let h be j*-2*(-2)/12. Let q = 141 + -75. What is the greatest common factor of h and q?
6
Let z(j) = j**3 + 11*j**2 - 4*j - 10. Let n be z(-11). Let o = n + -107. Let h = 184 + o. What is the greatest common divisor of 74 and h?
37
Suppose 5*i = -3*k - 138, 2*i = 5*k + 116 + 83. Let m = k + 71. What is the greatest common factor of m and 30?
30
Let s = -132 + 232. Suppose 7*o - 6*o - 20 = 0. Calculate the greatest common divisor of s and o.
20
Suppose -3*c = -2*d - 0*d - 760, 510 = 2*c - 3*d. Calculate the greatest common factor of c and 36.
36
Let y(j) = 84*j**2 - j - 1. Let r be y(1). Let o = r - 40. Suppose 39 + 22 = 2*s - 5*k, 144 = 5*s - 4*k. What is the highest common divisor of o and s?
14
Suppose -4*v = -9*v. Suppose 3*c = 4*q + 7*c - 16, -3*c + 3 = v. Suppose -q*m = -4*m + 2. What is the greatest common divisor of 2 and m?
2
Let z(p) = -2*p**3 - 7*p**2 + 15*p + 41. Let w be z(-7). Calculate the greatest common factor of 9 and w.
9
Let s(t) = 46*t**3 - t**2 - t + 1. Let z be s(1). Let y be (129 + -123)/((-2)/(-3)). Calculate the greatest common factor of y and z.
9
Let l(n) = -n**2 + n + 2. Let c be l(-2). Let x be c/18 + 632/9. Let g(h) = -h**3 + 7*h**2 + h + 7. Let q be g(7). What is the highest common factor of q and x?
14
Let v = 1241 + -1105. Calculate the highest common factor of v and 1564.
68
Let j(r) = -5*r - 43. Let q be j(-20). Let h be (q/2)/(9/6). What is the greatest common factor of h and 133?
19
Let o = -1817 + 1838. What is the highest common factor of 165 and o?
3
Suppose -2*h = h - 432. Let d(w) = -49*w**3 + 68*w**2 + 72*w + 3. Let i be d(-1). What is the greatest common divisor of h and i?
48
Let d = -95 - -43. Let v = 162 + d. Calculate the greatest common factor of 10 and v.
10
Let z be 3 - -8 - 4 - (-6)/(-3). Let k be 2 - 1/(z/(-165)). Suppose 20 + 15 = 5*w. Calculate the highest common factor of w and k.
7
Let b(r) = 2*r + 2. Let g be b(6). Suppose 64 = 4*y - 0*y. Let i be (-56)/y*(0 + -6). What is the highest common divisor of g and i?
7
Suppose -4*n - z + 2320 = 0, -138*n + 133*n + z = -2900. Calculate the greatest common divisor of 60 and n.
20
Let z = -49 - -55. Let d = 96 - z. What is the greatest common divisor of 20 and d?
10
Suppose -5*o = -4*f - 265, -4*o = -3*o + 2*f - 39. Calculate the highest common divisor of o and 539.
49
Suppose 5*m + 3*a = 139, m - 3*a = 2*a + 39. Suppose s + 604 = 3*o, 10*s = -4*o + 11*s + 807. What is the highest common factor of o and m?
29
Let s be 0/1 - (-84)/2. Suppose 338*q = 337*q + 3. Suppose -2*x - q*t + 107 = 3*x, s = 2*x + 2*t. Calculate the greatest common divisor of 55 and x.
11
Let j(v) be the first derivative of 3*v**4/4 - v**3 + v**2/2 + 3*v - 53. Let s be j(1). What is the highest common divisor of 28 and s?
4
Let f be (-10 - -10) + 0/(-1). Suppose 15*t - 12*t - 144 = f. What is the highest common divisor of 120 and t?
24
Suppose r + 6*r = 357. Suppose 3*n = r + 111. Calculate the greatest common divisor of 18 and n.
18
Suppose 3*g + 23 = t, 0 = 6*t - 8*t - 2*g + 54. Suppose 7*d = 6*d - 3*v + 225, 0 = -v - 3. What is the greatest common divisor of t and d?
26
Let p = 1 - 9. Let g = -6 - p. What is the highest common divisor of 4 and g?
2
Suppose -19*r - 802 = 34. Let y = 60 + r. Let s be 2/(1 + 31/(-32)). Calculate the highest common factor of y and s.
16
Let d(f) = 14*f**2 - 3*f - 2. Let r be ((-9)/(-6))/((-4)/(-24)). Suppose -13*u - 8 = -r*u. Let o be d(u). What is the highest common divisor of 24 and o?
12
Let p(l) = l - 5. Let r be p(7). Let d = -139 - -158. Suppose 3*i - r*i = d. Calculate the greatest common divisor of i and 38.
19
Let j = -21 + -21. Let r = -18 - j. Calculate the greatest common divisor of r and 8.
8
Let n be (-2)/(-7) + (-36)/28. Let w be (2 + n)/((-7)/(-84)). Let b be (-5)/((-1)/w*1). What is the highest common factor of 15 and b?
15
Let w(k) = 4*k - 25. Let x be w(10). Let b be ((-27)/18*5)/((-2)/12). Calculate the highest common divisor of x and b.
15
Let a = -13 - -18. Suppose 9 = -a*b + 8*b. Let g(o) = 6*o**2 - 4*o - 5. Let j be g(-2). Calculate the greatest common divisor of j and b.
3
Suppose -5*x + 3 = 3*d - 3*x, -2*d + 5*x + 21 = 0. Suppose -5 = -h, -d*h + 2*h = 4*c - 117. What is the highest common divisor of c and 2?
2
Suppose 13*g + 55 = 18*g. Let f = g - -25. Calculate the highest common divisor of 324 and f.
36
Let f(d) = d**3 + 3*d**2 - 12*d + 15. Let z be f(-5). What is the greatest common factor of z and 155?
5
Let z be ((-50)/(-6))/((-12)/(-324)). Suppose -v - 3*g + 63 = 0, -6*g + 3*g = 4*v - z. What is the greatest common divisor of 6 and v?
6
Let x(w) = -132*w - 4. Let m be (10/(-4) + 2)*6. Let c be x(m). Suppose -4*g = 5*q - c - 261, 5*g - q = 809. What is the highest common divisor of 18 and g?
18
Let w(q) = q - 3. Let o be w(12). Suppose -3*s + 165 + 51 = 0. Calculate the highest common factor of o and s.
9
Let h be (3 + (-22)/6)*-24. Suppose -285 = -5*j + 4*f, 0*j - j + 4*f + 73 = 0. Let o = j + 75. Calculate the highest common divisor of o and h.
16
Let b = -1198 + 2496. What is the highest common divisor of 59 and b?
59
Let z = -13 + 26. Let x = z - 8. Let g be 32 - -3 - 0/4. Calculate the greatest common divisor of x and g.
5
Suppose -4*o + 162 = -8*l + 3*l, 5*l = -10. Calculate the greatest common factor of o and 304.
38
Let f(t) = -14*t - 5 - 4 + 3. Suppose -2*r = 9 + 1. Let l be f(r). What is the highest common divisor of l and 16?
16
Suppose g - 8*g + 399 = 0. Suppose 3*i + 2*m - 849 = 0, 2*i - m + 2*m = 567. Calculate the greatest common divisor of i and g.
57
Let c(y) = -y**2 - 23*y + 16. Let r be c(-11). What is the highest common divisor of r and 4?
4
Suppose -77*f + 80*f = 225. What is the highest common factor of 600 and f?
75
Let f(z) = 76*z - 4. Let y be f(1). What is the greatest common factor of y and 54?
18
Let g = 2 - -30. Let m = 22 + g. What is the highest common factor of m and 81?
27
Let h = -93 + 1120. Calculate the greatest common factor of h and 237.
79
Suppose 0 = -a - d + 521, -2*a = 3*a + 3*d - 2603. Calculate the greatest common factor of a and 80.
40
Suppose 2*c = -3*c + 105. Let t be (-9)/(-2) - c/14. Suppose 0 = -t*x + 2*x - 5*q + 1, 2*x = 5*q + 17. What is the highest common factor of x and 18?
6
Let f = 58 - 49. Suppose f*i - 324 = 5*i. What is the highest common divisor of 54 and i?
27
Suppose 0 = -15*g - 346 + 76. Let n be (117/6)/(g/(-48)). Calculate the highest common divisor of 4 and n.
4
Let h(p) = p - 17. Let i be h(15). Let s be 6/(i/(-14 + 0)). Suppose 6*x - 2*x - 117 = -5*d, 5*x - 36 = -d. What is the highest common divisor of s and d?
21
Let k(f) = 7*f - 2. Let w(c) = 6*c - 2. Let r(g) = -3*k(g) + 4*w(g). Let p be r(9). Suppose 2*l + 3*l - p = 0. What is the greatest common divisor of 55 and l?
5
Suppose -44 = -4*a + 4*u, -3*a - 4*u = 2*a - 37. Let z be ((-5)/2 + 2)*-6. What is the highest common divisor of a and z?
3
Suppose -8 = -2*d + 3*p, 64 = 5*d + 3*p + 2. What is the highest common factor of d and 10?
10
Suppose 5*o - 38 = 27. Let w = o + -11. Suppose -24 = w*z - 5*z. What is the greatest common factor of z and 16?
8
Suppose -n - 2*j = -11, -n - 12*j + 14 = -7*j. What is the highest common factor of 225 and n?
9
Suppose -29*u + 50*u - 3024 = 0. What is the highest common factor of 252 and u?
36
Suppose 4*j + 4*q = 7*q - 227, -3*j + q = 164. Let r = -41 - j. What is the greatest common divisor of 84 and r?
12
